, -4*f + 13 = 2*q - q. Suppose q*o = 13*o + p. What are the prime factors of o?
3, 5
Let k = 84 - 180. Let i = -29 - k. List the prime factors of i.
67
Let w be -7*1/(-14)*4. Let l(k) = 3 - k - 6 + w*k + 22. List the prime factors of l(0).
19
Let c be ((-68)/(-16) + -4)*-44. Let w(b) = 2*b**2 + 2*b - 15 + 4*b - b**2. What are the prime factors of w(c)?
2, 5
Suppose 75 = 5*m + 10. Suppose m - 1 = -2*i. List the prime factors of (5 + -7)*(i + 1).
2, 5
Let g be -153 - (2 + (-4 - -2)). Let h = g + 263. What are the prime factors of h?
2, 5, 11
Let o(j) = j**2 + 6*j - 2. Let b be o(-3). Let w = b + 30. Let c = 27 - w. List the prime factors of c.
2
Let d(r) = -3*r + 5. Let f(b) = -b**3 + 2*b - 2. Let c be f(2). Let q be d(c). Suppose -v = m - q, 20 = -v + 4*m + 58. What are the prime factors of v?
2, 13
Let y(j) = 3*j**2 - 3*j + 9*j - 10*j + 0 - 4. Suppose 4*c - 3 + 19 = 5*b, c - 2*b + 4 = 0. List the prime factors of y(c).
2, 3, 5
Let x = 91 + -91. Let h be -3 + (0 - 3 - -11). Suppose x = 2*v - 9 + h. List the prime factors of v.
2
Let m = 2506 + -203. List the prime factors of m.
7, 47
Let y(s) = 440*s**2 + 10*s - 1. List the prime factors of y(-1).
3, 11, 13
Suppose -8*g + 3*g = 85. Let b = g - -10. Let m = 37 + b. List the prime factors of m.
2, 3, 5
Let v be 14/8 - 2*(-5)/40. Suppose v*r - 4*w - w = 154, 77 = r - w. What are the prime factors of r?
7, 11
Let k = -866 + 2497. What are the prime factors of k?
7, 233
Suppose -n = 4*u - 1312, 3945 = -n + 4*n + 3*u. List the prime factors of n.
2, 7, 47
Suppose 25*q = -3*x + 24*q + 2845, -930 = -x - 4*q. What are the prime factors of x?
2, 5, 19
Let a be ((-4)/6)/(4/(-18)). Let k be 3 + 6 + 2 + a. Suppose 0 = -2*q - 3*p + k, 0 = -5*p - 0*p + 10. What are the prime factors of q?
2
Let w(a) = -4*a. Let b be w(-3). What are the prime factors of ((-121)/22)/((-2)/b)?
3, 11
Let n be 24/14 - 6/(-21). Suppose 0 = n*o + 2*o - 4. Suppose 4*q - 13 = -o. List the prime factors of q.
3
Suppose 2*f - 382 - 302 = 0. Suppose -37 = 5*i - f. What are the prime factors of i?
61
Suppose -5*v + d + 876 = 0, 7*d - 5*d = -3*v + 536. List the prime factors of v.
2, 11
Let j = 3632 + -2081. What are the prime factors of j?
3, 11, 47
Let p be (68/3)/((-2)/6). Let q be (-30)/(-20)*p/(-6). List the prime factors of q + (-4)/(7 + -3).
2
Suppose k + 9 - 11 = 0. Let x(b) = 2*b**2 - b - 2. List the prime factors of x(k).
2
Suppose -5*n + 3*g + 8 = 0, -5*g + 28 = 3*n - g. Suppose 5*q - 810 = -n*q. List the prime factors of q.
2, 3, 5
Let x(l) = l**3 + 5*l**2 - l - 1. Let c be x(-3). Let s = 26 - c. List the prime factors of s.
2, 3
Let w(t) = 16*t**3 - 2*t**2 - 7*t - 15. What are the prime factors of w(4)?
13, 73
Let z = 1262 + -729. What are the prime factors of z?
13, 41
Suppose -5*f - 2*x + 665 = -1070, 5*x + 347 = f. List the prime factors of f.
347
Let g = 2861 + 981. List the prime factors of g.
2, 17, 113
Let r(k) = -k - 8. Let z be r(-16). Suppose -5*c + 181 = -2*w, z*c = 5*c + 4*w + 117. List the prime factors of c.
5, 7
Suppose 0 = -4*g - 0*w - 2*w + 14, 6 = -2*w. Suppose -i + j - 9 = 33, -g*j + 58 = -i. What are the prime factors of -4 - -4 - i - -3?
41
Let q = -141 - -257. Suppose -q - 76 = -4*d. What are the prime factors of d?
2, 3
Suppose -698*c + 692*c = -1062. List the prime factors of c.
3, 59
Let l be (0/(-1))/((-12)/3 + 2). Suppose l = -15*j + 13*j + 126. List the prime factors of j.
3, 7
Let j(h) = -h**3 + 5*h**2 - h + 7. Let c be j(5). Suppose -4*b = -c*u + 22, b + 2*u = 5*u - 8. Let r = 14 - b. List the prime factors of r.
19
Let a(o) = -o**3 - 3*o**2 + 2*o - 4. Let s be a(-4). Suppose -5*y = -s*j - 85, -y + 4*j = j - 17. What are the prime factors of y?
17
Suppose 11*q - 42*q = -82894. What are the prime factors of q?
2, 7, 191
Let k(d) = -d + 1. Suppose 3*l + 5 = -2*l. Let w(h) = 4*h - 10. Let o(i) = l*w(i) - 5*k(i). What are the prime factors of o(0)?
5
What are the prime factors of 14/(-21)*6/8*-3714?
3, 619
Let l = 151 - -357. List the prime factors of l.
2, 127
Suppose d + 7 = -6*d. What are the prime factors of (d - -179) + (0 + 0)/(-3)?
2, 89
Suppose -59 - 1 = -5*l. Suppose -5*q + l = -p, -4*p - q = -3*q + 12. Let s(j) = -2*j**3 + j**2 - 2*j + 1. List the prime factors of s(p).
5
Let g be 120/18 - (-1)/3. Let s = g - 4. Suppose 0 = s*y - 8*y + 200. What are the prime factors of y?
2, 5
Let b = 190 + 229. What are the prime factors of b?
419
Let b be 2 + (-1)/((-3)/87). Let r = b + -19. What are the prime factors of (-18)/((r/(-4))/3)?
2, 3
Let v = -867 + 1435. What are the prime factors of v?
2, 71
Let v = -212 - -323. List the prime factors of v.
3, 37
Let b(x) = -2*x - 9. Let q be b(-7). Suppose -3*r = -q*l + 395, 2*l + 248 = 5*l - 4*r. List the prime factors of l.
2, 19
Suppose 3*z - 30 = -3*j, -5*z - 2*j + 4 + 55 = 0. Let y = 53 - z. List the prime factors of (46/5)/(8/y).
2, 23
List the prime factors of (-3)/(-6*((-4550)/2276 + 2)).
569
Suppose 4*r + 3 - 27 = 0. Let q(x) be the third derivative of x**6/120 - x**5/12 - x**4/6 + 2*x**3/3 - 2*x**2. List the prime factors of q(r).
2
Suppose -7 = -2*x - 0*j + j, -5*x + 34 = 3*j. Suppose -2*b - b + x*h = -25, -3*h + 13 = b. List the prime factors of b.
2, 5
Let j = 1594 + -550. List the prime factors of j.
2, 3, 29
Suppose q + 4*q = -2*m + 137, -83 = -3*q - m. Suppose h = 49 + q. What are the prime factors of h?
2, 3, 13
Suppose -5*g + 0*g + 4505 = 0. What are the prime factors of g?
17, 53
List the prime factors of (-5)/((-35)/2436) - 7.
11, 31
Suppose -j - 79 = -77, 0 = -4*l + 4*j + 4332. List the prime factors of l.
23, 47
Suppose 14 = -s + 17. Let n(z) = -14*z**2 - 4*z. Let h(o) = 13*o**2 + 3*o - 1. Let x(j) = 6*h(j) + 5*n(j). List the prime factors of x(s).
2, 3, 5
Suppose -199 = -z - 1. Suppose z = 6*p - 150. What are the prime factors of p?
2, 29
Let d = 18 - 13. Suppose -3*i + 2*w = w + 36, 3*w - 56 = d*i. Let f = i - -45. List the prime factors of f.
2
Let k(r) = 13*r**2 - 11*r - 1. What are the prime factors of k(6)?
401
Suppose 0 = 5*u - 3*g - 2198, -3*u - g + 311 = -1005. What are the prime factors of u?
439
Let w = -1116 + 1811. List the prime factors of w.
5, 139
Let m(i) = 5*i**3 - 13*i**2 - 4*i**3 - 50 - 5*i - 2*i**3. List the prime factors of m(-13).
3, 5
Suppose 5*l + 114 = 2*l. Let x = l - -109. Let g = x - 20. What are the prime factors of g?
3, 17
Suppose 0 = 5*r + 2*h - 1613, -642 = -6*r + 4*r - 4*h. Suppose -4*q = q - 3*b - r, -4*q - 2*b + 254 = 0. Suppose q = -5*x + 254. List the prime factors of x.
2, 19
Let m(n) = -n**2 - 8*n - 17. Let r be m(-7). What are the prime factors of (-1)/(1/(-2)) + (-230)/r?
5
Let g(l) = 37*l - 235. What are the prime factors of g(27)?
2, 191
Let d(x) be the first derivative of -x**2 + 15*x + 11. What are the prime factors of d(-9)?
3, 11
Let n be 0/(-4 - -3) - -3. Suppose -4*h + y = -n, -h - 2*h - 19 = -5*y. Suppose 6*b - h*b - 280 = -4*m, 3*m + 160 = 2*b. What are the prime factors of b?
2, 37
Let f be 3*5*4/30. Suppose 0 = -2*n + u + 36, 5*n - u - 91 = f*u. Let x = n + -8. List the prime factors of x.
3
Let r = 10 - 6. Let b be r/14 - 4/14. Suppose -s + 15 + 24 = b. List the prime factors of s.
3, 13
Let t(g) = -g - 3. Let f be t(-4). Suppose j = -n + 1, 0*n + n = -3*j + f. Suppose 2*k + 3*s - 5 - 18 = j, s + 14 = k. What are the prime factors of k?
13
Let p(f) = 5*f + 9. Let z(n) = -n - 1. Let t(i) = p(i) - z(i). List the prime factors of t(12).
2, 41
Let n(f) = -f**3 + 2*f**2 + 9*f - 1. Let y be n(4). Suppose -2*v - v + 2*j + 70 = 0, -y*v + 3*j + 75 = 0. What are the prime factors of v?
2, 5
Suppose 0 = 12*n - 8*n + 2*g - 2, 11 = 4*n + 5*g. Let o(m) = m - 5 + 4 - 3*m - 51*m**3 - m**2. What are the prime factors of o(n)?
3, 17
Let z(c) = -2 - 3 + 16 - 5*c. What are the prime factors of z(-6)?
41
List the prime factors of (-20)/6*(-3036)/230.
2, 11
Suppose -2*c = 4*c + 282. Let v = c - -105. Suppose -5*a + v = -u - 2*u, -u = 1. List the prime factors of a.
11
Let b = -2752 + 5033. List the prime factors of b.
2281
Let s(l) = -5*l + 44. Let z be s(8). Suppose z*p - 530 = -2*b, -4*b = 21 - 9. List the prime factors of p.
2, 67
Let b(c) = -c - 1. Let j be b(0). Let s be 67 - (0 - j) - 0. Suppose 0*d + s = 3*d. What are the prime factors of d?
2, 11
Let x(y) = -y**3 + y**2 + y + 3. Let d be 9/